67314493 composite?
False
Is 4243039 a prime number?
True
Is 34946009 composite?
True
Is 321208913 a composite number?
False
Is 6164123 a composite number?
True
Is 1318696583 a composite number?
False
Is 80855263 prime?
False
Is 17307559 prime?
True
Is 73345 a prime number?
False
Is 10336789 prime?
False
Is 3145999 a prime number?
False
Is 6644837 composite?
False
Is 88668763 a composite number?
True
Is 1361981 a composite number?
True
Is 13459181 a prime number?
True
Is 82554847 prime?
True
Is 7152203 a prime number?
True
Is 186277849 prime?
False
Is 18000143 prime?
False
Is 3365533 a composite number?
False
Is 4941347 composite?
False
Is 526087 a prime number?
True
Is 16992959 prime?
True
Is 215032913 a prime number?
True
Is 3336049 prime?
False
Is 11029411 a composite number?
False
Is 171291907 a prime number?
False
Is 71338051 prime?
True
Is 49084121 composite?
True
Is 48420399 a composite number?
True
Is 55224749 a prime number?
True
Is 945937 a prime number?
True
Is 249257 composite?
False
Is 827910371 a composite number?
True
Is 4318157 composite?
False
Is 16732693 a prime number?
True
Is 15122246 prime?
False
Is 8847023 a prime number?
True
Is 10442581 composite?
True
Is 20292887 a prime number?
False
Is 610742281 a composite number?
False
Is 1949671 a composite number?
True
Is 2578522 prime?
False
Is 7962193 a prime number?
True
Is 298094213 a composite number?
False
Is 19786133 a composite number?
False
Is 8035333 a composite number?
True
Is 43283687 prime?
True
Is 13094713 a prime number?
False
Is 113933 prime?
True
Is 51905459 a composite number?
False
Is 652091873 composite?
False
Is 91145101 a prime number?
True
Is 32109577 a composite number?
True
Is 267329935 a prime number?
False
Is 4435771 a prime number?
False
Is 2966861 prime?
True
Is 2003173 prime?
False
Is 23032453 composite?
True
Is 2363707 composite?
False
Is 2209565 a composite number?
True
Is 389895483 composite?
True
Is 4154497 a composite number?
False
Is 374347 prime?
True
Is 2202801 composite?
True
Is 25005886 prime?
False
Is 116934793 a prime number?
False
Is 90216761 composite?
False
Is 257693 a composite number?
True
Is 57758447 prime?
True
Is 276591769 prime?
True
Is 325116053 prime?
True
Is 1548587 a composite number?
False
Is 129697471 a prime number?
False
Is 33968201 composite?
False
Is 144803357 prime?
True
Is 410873059 composite?
False
Is 83201473 a prime number?
True
Is 5532231 prime?
False
Is 34709729 a prime number?
False
Is 165054821 a prime number?
True
Is 36516397 a prime number?
False
Is 2748001 prime?
False
Is 81512159 composite?
False
Is 508008273 a composite number?
True
Is 142016687 prime?
False
Is 21270497 composite?
True
Is 376123985 composite?
True
Is 180797953 a prime number?
False
Is 3281371 prime?
False
Is 3674969 composite?
False
Is 78658831 a prime number?
False
Is 427619 prime?
True
Is 291767647 composite?
True
Is 19548493 composite?
True
Is 7794895 prime?
False
Is 204335081 prime?
False
Is 6472199 a prime number?
True
Is 24151137 a prime number?
False
Is 88627102 prime?
False
Is 42139 a prime number?
True
Is 3910421 composite?
True
Is 132570401 prime?
False
Is 26940701 composite?
False
Is 5942477 prime?
False
Is 1656427 a prime number?
True
Is 494719 a prime number?
True
Is 57957553 composite?
True
Is 188159897 composite?
False
Is 9863129 a composite number?
False
Is 3295459 composite?
True
Is 466244365 a prime number?
False
Is 1008317 composite?
False
Is 4227343 a composite number?
True
Is 93982397 a composite number?
False
Is 414157 a prime number?
True
Is 926184557 a composite number?
False
Is 5858939 a prime number?
False
Is 50608543 a composite number?
False
Is 4701845 a prime number?
False
Is 19441379 composite?
True
Is 83496403 a prime number?
True
Is 21149257 composite?
True
Is 104933 a prime number?
True
Is 13648078 a composite number?
True
Is 927317 a composite number?
False
Is 362027 a prime number?
True
Is 991165463 a composite number?
False
Is 25387 prime?
False
Is 93153755 prime?
False
Is 5290447 composite?
True
Is 4342703 prime?
False
Is 5179903 a prime number?
True
Is 883765 a prime number?
False
Is 4560307 prime?
False
Is 687581 a composite number?
False
Is 38339531 composite?
True
Is 515892233 a prime number?
True
Is 488281321 a composite number?
True
Is 650669 a prime number?
True
Is 8222969 prime?
True
Is 1675441 a composite number?
False
Is 41845907 a prime number?
True
Is 3025927 prime?
True
Is 3519319 prime?
False
Is 37233047 composite?
False
Is 3137003 prime?
True
Is 284123713 a prime number?
True
Is 76509079 a composite number?
False
Is 12236519 composite?
True
Is 180841 a composite number?
True
Is 95539943 a prime number?
False
Is 34399985 a composite number?
True
Is 12903361 a prime number?
False
Is 363313 a prime number?
True
Is 179197001 composite?
False
Is 482326015 a composite number?
True
Is 1250233 composite?
True
Is 2489143 a composite number?
False
Is 468883631 a prime number?
True
Is 37757 composite?
True
Is 2324419 a composite number?
False
Is 52338043 a prime number?
True
Is 339231331 composite?
False
Is 633187 a composite number?
False
Is 99311821 a composite number?
True
Is 28823963 composite?
True
Is 8934179 a composite number?
True
Is 5394061 prime?
True
Is 61163315 prime?
False
Is 45398623 a composite number?
False
Is 15637837 a composite number?
True
Is 89844301 a prime number?
True
Is 783301 prime?
False
Is 416431283 composite?
False
Is 153234817 a composite number?
False
Is 1297613 composite?
True
Is 2301203185 prime?
False
Is 124918985 composite?
True
Is 47244613 a prime number?
False
Is 7850177 prime?
True
Is 3593017 composite?
False
Is 117276529 composite?
False
Is 882397 a prime number?
False
Is 5063939 a prime number?
True
Is 41360159 a prime number?
False
Is 32295227 prime?
False
Is 39046853 prime?
True
Is 3441565977 a composite number?
True
Is 1096763 prime?
True
Is 66190339 composite?
True
Is 25142477 composite?
False
Is 749543 a composite number?
False
Is 281572283 a prime number?
False
Is 1070627 composite?
True
Is 82532479 prime?
False
Is 41528267 a prime number?
False
Is 1763779 a composite number?
True
Is 17775097 a composite number?
False
Is 54634703 a prime number?
True
Is 78111353 prime?
True
Is 8676013 prime?
True
Is 844362091 prime?
True
Is 211454459 a composite number?
False
Is 6979009 a composite number?
False
Is 6911507 a composite number?
False
Is 3162007 a prime number?
False
Is 13309753 a composite number?
True
Is 74609671 prime?
True
Is 1620219599 a composite number?
False
Is 1433467 a composite number?
True
Is 374819 a prime number?
True
Is 579107 composite?
False
Is 22287659 composite?
False
Is 1281511559 a composite number?
False
Is 33298351 composite?
True
Is 52007281 a prime number?
True
Is 1425427 composite?
False
Is 203505595 prime?
False
Is 793211 a prime number?
False
Is 57674489 composite?
True
Is 5352283 a composite number?
False
Is 26573969 composite?
False
Is 120956501 a composite number?
True
Is 194141953 a prime number?
True
Is 633265 a prime number?
False
Is 56285863 composite?
True
Is 11889415 prime?
False
Is 29713781 composite?
False
Is 21567083 a composite number?
False
Is 135776447 a composite number?
False
Is 31218547 prime?
False
Is 1465819 composite?
False
Is 17934701 a prime number?
True
Is 2905703 a composite number?
False
Is 388501 a composite number?
True
Is 305621 prime?
True
Is 388694669 prime?
False
Is 3229169 prime?
True
Is 50665 composite?
True
Is 45781557 a composite number?
True
Is 142070141 prime?
True
Is 26055013 a composite number?
False
Is 30868589 a prime number?
True
Is 68618189 prime?
True
Is 57091121 prime?
False
Is 28353817 a prime number?
True
Is 9965833 composite?
True
Is 389357 a composite number?
False
Is 1720573 composite?
True
Is 9611027 prime?
False
Is 338909 composite?
False
Is 34447711 a prime number?
False
Is 77948477 prime?
False
Is 199293607 composite?
True
Is 7271371 composite?
True
Is 18012353 a composite number?
True
Is 139772891 composite?
False
Is 36227693 composite?
True
Is 3364873 prime?
True
Is 2426603 a composite number?
False
Is 14386571 prime?
True
Is 5870533 a composite number?
False
Is 5388319 a composite number?
False
Is 90835139 a prime number?
True
Is 346247047 a prime number?
False
Is 378